 8699
List the prime factors of 2781769.
907, 3067
What are the prime factors of 1310421?
3, 7, 62401
List the prime factors of 6891239.
17, 41, 9887
What are the prime factors of 8533925?
5, 341357
What are the prime factors of 5071037?
907, 5591
List the prime factors of 9003.
3, 3001
What are the prime factors of 37149?
3, 7, 29, 61
What are the prime factors of 467739?
3, 51971
What are the prime factors of 9105626?
2, 37, 123049
What are the prime factors of 401422?
2, 7, 53, 541
List the prime factors of 6323854.
2, 53, 59659
List the prime factors of 3257571.
3, 1085857
What are the prime factors of 728057?
11, 547
What are the prime factors of 11524462?
2, 5762231
What are the prime factors of 606211?
23, 26357
What are the prime factors of 539645?
5, 37, 2917
List the prime factors of 164021.
11, 13, 31, 37
List the prime factors of 193299.
3, 64433
What are the prime factors of 7488434?
2, 3744217
What are the prime factors of 1633500?
2, 3, 5, 11
List the prime factors of 2261901.
3, 17, 44351
What are the prime factors of 14497?
7, 19, 109
What are the prime factors of 3037267?
3037267
What are the prime factors of 2867324?
2, 281, 2551
What are the prime factors of 1197044?
2, 299261
What are the prime factors of 2043124?
2, 73, 6997
List the prime factors of 17184835.
5, 19, 37, 4889
What are the prime factors of 1109590?
2, 5, 17, 61, 107
What are the prime factors of 3107130?
2, 3, 5, 13, 31, 257
What are the prime factors of 204718?
2, 102359
What are the prime factors of 1399059?
3, 51817
What are the prime factors of 320848?
2, 11, 1823
What are the prime factors of 209484?
2, 3, 11, 23
What are the prime factors of 349434?
2, 3, 719
List the prime factors of 51364.
2, 12841
List the prime factors of 3337374.
2, 3, 556229
What are the prime factors of 2568305?
5, 103, 4987
What are the prime factors of 8042?
2, 4021
What are the prime factors of 185180?
2, 5, 47, 197
List the prime factors of 5095345.
5, 1019069
List the prime factors of 4223689.
4223689
List the prime factors of 280860.
2, 3, 5, 31, 151
List the prime factors of 11669.
7, 1667
List the prime factors of 3277989.
3, 11, 13, 283
What are the prime factors of 1404665?
5, 280933
List the prime factors of 2525737.
197, 12821
What are the prime factors of 205725?
3, 5, 13, 211
What are the prime factors of 959872?
2, 7499
What are the prime factors of 4439885?
5, 61, 14557
What are the prime factors of 13314?
2, 3, 7, 317
What are the prime factors of 262704?
2, 3, 13, 421
What are the prime factors of 13909736?
2, 67, 25951
List the prime factors of 111638.
2, 55819
What are the prime factors of 198433?
61, 3253
What are the prime factors of 112613?
19, 5927
List the prime factors of 394189.
47, 8387
What are the prime factors of 25706061?
3, 2856229
What are the prime factors of 5292502?
2, 1279, 2069
List the prime factors of 236043.
3, 26227
What are the prime factors of 302827?
7, 43261
List the prime factors of 593867.
31, 19157
What are the prime factors of 384410?
2, 5, 13, 2957
What are the prime factors of 220842?
2, 3, 12269
List the prime factors of 1677325.
5, 13, 397
List the prime factors of 1648462.
2, 824231
What are the prime factors of 356062?
2, 7, 29, 877
List the prime factors of 3083568.
2, 3, 227, 283
What are the prime factors of 2771020?
2, 5, 7, 19793
List the prime factors of 1232988.
2, 3, 37, 2777
List the prime factors of 37143507.
3, 12381169
List the prime factors of 3610849.
11, 31, 10589
List the prime factors of 4648999.
1307, 3557
What are the prime factors of 125762?
2, 7, 13, 691
What are the prime factors of 181608?
2, 3, 7, 23, 47
List the prime factors of 579418.
2, 7, 41387
What are the prime factors of 8280471?
3, 89, 31013
List the prime factors of 483456.
2, 3, 1259
What are the prime factors of 9182139?
3, 1367, 2239
What are the prime factors of 375662?
2, 7, 26833
List the prime factors of 10851149.
379, 28631
What are the prime factors of 9400352?
2, 13, 59, 383
List the prime factors of 6471367.
7, 751, 1231
List the prime factors of 14746399.
857, 17207
List the prime factors of 381637.
381637
List the prime factors of 28585717.
28585717
What are the prime factors of 22762250?
2, 5, 7, 13007
List the prime factors of 875688.
2, 3, 11, 31, 107
List the prime factors of 485041.
485041
What are the prime factors of 662028?
2, 3, 43, 1283
What are the prime factors of 2667429?
3, 19, 821
What are the prime factors of 1659763?
7, 127, 1867
List the prime factors of 5044774.
2, 7, 23, 15667
List the prime factors of 2863302.
2, 3, 13, 36709
List the prime factors of 3917388.
2, 3, 326449
What are the prime factors of 2694828?
2, 3, 224569
What are the prime factors of 7355538?
2, 3, 23, 109, 163
List the prime factors of 74201.
74201
List the prime factors of 2597933.
13, 337, 593
List the prime factors of 1577360.
2, 5, 19717
What are the prime factors of 1818736?
2, 71, 1601
List the prime factors of 62072.
2, 7759
What are the prime factors of 20803?
71, 293
What are the prime factors of 1571304?
2, 3, 7, 47, 199
List the prime factors of 2444726.
2, 397, 3079
What are the prime factors of 231876?
2, 3, 19, 113
What are the prime factors of 14685173?
883, 16631
What are the prime factors of 4534689?
3, 1511563
What are the prime factors of 3676486?
2, 11, 167113
What are the prime factors of 1492455?
3, 5, 99497
List the prime factors of 20557534.
2, 53, 193939
List the prime factors of 10438416.
2, 3, 73, 331
List the prime factors of 134788.
2, 31, 1087
List the prime factors of 268922.
2, 43, 53, 59
List the prime factors of 166117.
7, 19, 1249
What are the prime factors of 3079354?
2, 31, 49667
What are the prime factors of 1311911?
47, 103, 271
List the prime factors of 1694811.
3, 564937
List the prime factors of 19353463.
17, 167, 401
What are the prime factors of 4764793?
11, 31, 89, 157
What are the prime factors of 639633?
3, 101, 2111
What are the prime factors of 358167?
3, 119389
What are the prime factors of 790169?
790169
List the prime factors of 1221191.
101, 107, 113
List the prime factors of 3067988.
2, 7, 11, 1423
What are the prime factors of 385673?
227, 1699
List the prime factors of 30612.
2, 3, 2551
What are the prime factors of 1991019?
3, 89, 7457
List the prime factors of 17043957.
3, 7, 270539
What are the prime factors of 32663152?
2, 2041447
What are the prime factors of 478025?
5, 19121
List the prime factors of 756205.
5, 151241
List the prime factors of 1719665.
5, 343933
What are the prime factors of 861892?
2, 43, 5011
List the prime factors of 8552394.
2, 3, 17, 19, 1471
List the prime factors of 355972.
2, 88993
List the prime factors of 363599.
31, 37, 317
What are the prime factors of 2218873?
79, 28087
What are the prime factors of 12682242?
2, 3, 704569
List the prime factors of 3021112.
2, 101, 3739
List the prime factors of 114034.
2, 23, 37, 67
What are the prime factors of 25510345?
5, 7, 728867
List the prime factors of 74087.
13, 41, 139
What are the prime factors of 132131?
71, 1861
List the prime factors of 314229.
3, 104743
What are the prime factors of 5115035?
5, 269, 3803
What are the prime factors of 2685275?
5, 37, 2903
List the prime factors of 246334.
2, 11, 11197
What are the prime factors of 317471?
7, 11, 19, 31
What are the prime factors of 370081?
370081
What are the prime factors of 1017870?
2, 3, 5, 7, 37, 131
List the prime factors of 3038710.
2, 5, 303871
What are the prime factors of 380744?
2, 7, 13, 523
What are the prime factors of 90175?
5, 3607
What are the prime factors of 136348?
2, 89, 383
What are the prime factors of 3547577?
11, 17, 61, 311
What are the prime factors of 4745?
5, 13, 73
List the prime factors of 15165371.
13, 1166567
What are the prime factors of 27405843?
3, 9135281
List the prime factors of 80549.
7, 37, 311
What are the prime factors of 2972339?
397, 7487
List the prime factors of 1531041.
3, 23, 22189
List the prime factors of 18156.
2, 3, 17, 89
List the prime factors of 32230455.
3, 5, 29, 74093
List the prime factors of 411954.
2, 3, 68659
List the prime factors of 1544236.
2, 149, 2591
List the prime factors of 1386598.
2, 83, 8353
List the prime factors of 233820.
2, 3, 5, 433
List the prime factors of 863183